{"id":1002,"date":"2022-06-28T15:53:32","date_gmt":"2022-06-28T12:53:32","guid":{"rendered":"https:\/\/www.vuokraaja.com\/nfg\/?page_id=1002"},"modified":"2023-03-23T08:49:28","modified_gmt":"2023-03-23T06:49:28","slug":"painologot","status":"publish","type":"page","link":"https:\/\/www.vuokraaja.com\/nfg\/painologot\/","title":{"rendered":"Painologot"},"content":{"rendered":"\n<p>Logo mustalla taustalla <a href=\"http:\/\/www.vuokraaja.com\/nfg\/wp-content\/uploads\/2022\/06\/nfg_logo_mustatausta.jpg\" data-type=\"URL\" data-id=\"http:\/\/www.vuokraaja.com\/nfg\/wp-content\/uploads\/2022\/06\/nfg_logo_mustatausta.jpg\">t\u00e4st\u00e4<\/a><br><br>Logo valkoisella taustalla <a href=\"http:\/\/www.vuokraaja.com\/nfg\/wp-content\/uploads\/2022\/06\/nfg_logo_valkoinentausta.jpg\" data-type=\"URL\" data-id=\"http:\/\/www.vuokraaja.com\/nfg\/wp-content\/uploads\/2022\/06\/nfg_logo_valkoinentausta.jpg\">t\u00e4st\u00e4<\/a><br><br>Logo vektorina (eps, svg) <a href=\"http:\/\/www.vuokraaja.com\/nfg\/wp-content\/uploads\/2022\/06\/nfg_logo_vektori.zip\" data-type=\"URL\" data-id=\"http:\/\/www.vuokraaja.com\/nfg\/wp-content\/uploads\/2022\/06\/nfg_logo_vektori.zip\">t\u00e4st\u00e4<\/a> <br>(linkki zip tiedosto. Jos ei l\u00e4hde lataamaan, niin valitse hiiren oikealla &#8221;avaa uudessa v\u00e4lilehdess\u00e4&#8221;)<\/p>\n\n\n\n<p><\/p>\n\n\n\n<p><\/p>\n\n\n\n<p><\/p>\n\n\n\n<p><\/p>\n","protected":false},"excerpt":{"rendered":"<p>Logo mustalla taustalla t\u00e4st\u00e4 Logo valkoisella taustalla t\u00e4st\u00e4 Logo vektorina (eps, svg) t\u00e4st\u00e4 (linkki zip tiedosto. Jos ei l\u00e4hde lataamaan, niin valitse hiiren oikealla &#8221;avaa uudessa v\u00e4lilehdess\u00e4&#8221;)<\/p>\n","protected":false},"author":3,"featured_media":0,"parent":0,"menu_order":0,"comment_status":"closed","ping_status":"closed","template":"","meta":[],"_links":{"self":[{"href":"https:\/\/www.vuokraaja.com\/nfg\/wp-json\/wp\/v2\/pages\/1002"}],"collection":[{"href":"https:\/\/www.vuokraaja.com\/nfg\/wp-json\/wp\/v2\/pages"}],"about":[{"href":"https:\/\/www.vuokraaja.com\/nfg\/wp-json\/wp\/v2\/types\/page"}],"author":[{"embeddable":true,"href":"https:\/\/www.vuokraaja.com\/nfg\/wp-json\/wp\/v2\/users\/3"}],"replies":[{"embeddable":true,"href":"https:\/\/www.vuokraaja.com\/nfg\/wp-json\/wp\/v2\/comments?post=1002"}],"version-history":[{"count":3,"href":"https:\/\/www.vuokraaja.com\/nfg\/wp-json\/wp\/v2\/pages\/1002\/revisions"}],"predecessor-version":[{"id":1117,"href":"https:\/\/www.vuokraaja.com\/nfg\/wp-json\/wp\/v2\/pages\/1002\/revisions\/1117"}],"wp:attachment":[{"href":"https:\/\/www.vuokraaja.com\/nfg\/wp-json\/wp\/v2\/media?parent=1002"}],"curies":[{"name":"wp","href":"https:\/\/api.w.org\/{rel}","templated":true}]}}