{"id":56,"date":"2014-03-31T19:42:07","date_gmt":"2014-03-31T16:42:07","guid":{"rendered":"http:\/\/www.vuokraaja.com\/nfg\/?page_id=56"},"modified":"2018-10-17T16:22:44","modified_gmt":"2018-10-17T13:22:44","slug":"loytokiekot","status":"publish","type":"page","link":"https:\/\/www.vuokraaja.com\/nfg\/loytokiekot\/","title":{"rendered":"L\u00f6yt\u00f6kiekot"},"content":{"rendered":"<p>Toimintaohjeet kiekon l\u00f6yt\u00e4j\u00e4lle :<br \/>&#8211; Ilmoita ensisijaisesti l\u00f6yt\u00f6kiekon omistajalle soittamalla tai tekstiviestill\u00e4.<br \/>&#8211; Pudota kiekko kiekonpalautusluukusta seuran varastoon ja seura julkaisee tiedot kiekosta palautuskiekkolistaan<br \/>&#8211; Kun palautat l\u00f6yt\u00e4m\u00e4si kiekot, niin on my\u00f6s todenn\u00e4k\u00f6isemp\u00e4\u00e4, ett\u00e4 sinun l\u00f6ydetty kiekkosi palautetaan ja homma toimii!<\/p>\n<p><strong>Nimetty omaisuus tulee palauttaa omistajalleen.<\/strong><br \/><strong>Kiekon pit\u00e4minen \/ varastaminen on rikos!<\/strong><\/p>\n<p>Kiekon merkkaus :<br \/>-Kirjoita kiekkoihisi laadukkaalla tussilla, selv\u00e4ll\u00e4 ja tarpeeksi isolla tekstill\u00e4, oikea nimesi, seurasi (helpottaa kiekkojen lajittelua) ja puhelinnumerosi. Pienell\u00e4 kirjoitetuista nimist\u00e4 ja puhelinnumeroista on vaikea saada selv\u00e4\u00e4, kun tekstit ovat haalistuneet.<\/p>\n<p>Seuran kiekonpalautukseen tulleet keikot l\u00f6ytyv\u00e4t <a href=\"https:\/\/docs.google.com\/spreadsheets\/d\/16537QutfD-gPGqRNqSVZX9XckkKoLET6DoTcT9EKqGY\/edit?usp=sharing\" target=\"_blank\" rel=\"noopener\">t\u00e4st\u00e4<\/a>.<\/p>\n<p>Kauden p\u00e4\u00e4tytty\u00e4 noutamattomat kiekot siirtyv\u00e4t seuran omistukseen. Kiekot huutokaupataan tai lahjoitetaan hyv\u00e4ntekev\u00e4isyyteen. Saatu tuotto k\u00e4ytet\u00e4\u00e4n seuratoiminnan kehitt\u00e4miseen.<\/p>\n\n\n<p><\/p>\n","protected":false},"excerpt":{"rendered":"<p>Toimintaohjeet kiekon l\u00f6yt\u00e4j\u00e4lle :&#8211; Ilmoita ensisijaisesti l\u00f6yt\u00f6kiekon omistajalle soittamalla tai tekstiviestill\u00e4.&#8211; Pudota kiekko kiekonpalautusluukusta seuran varastoon ja seura julkaisee tiedot kiekosta palautuskiekkolistaan&#8211; Kun palautat l\u00f6yt\u00e4m\u00e4si kiekot, niin on my\u00f6s todenn\u00e4k\u00f6isemp\u00e4\u00e4, ett\u00e4 sinun l\u00f6ydetty kiekkosi palautetaan ja homma toimii! Nimetty omaisuus tulee palauttaa omistajalleen.Kiekon pit\u00e4minen \/ varastaminen on rikos! Kiekon merkkaus :-Kirjoita kiekkoihisi laadukkaalla tussilla, selv\u00e4ll\u00e4 &hellip; <a href=\"https:\/\/www.vuokraaja.com\/nfg\/loytokiekot\/\" class=\"more-link\">Jatka lukemista <span class=\"screen-reader-text\">L\u00f6yt\u00f6kiekot<\/span> <span class=\"meta-nav\">&rarr;<\/span><\/a><\/p>\n","protected":false},"author":1,"featured_media":0,"parent":0,"menu_order":0,"comment_status":"closed","ping_status":"closed","template":"","meta":[],"_links":{"self":[{"href":"https:\/\/www.vuokraaja.com\/nfg\/wp-json\/wp\/v2\/pages\/56"}],"collection":[{"href":"https:\/\/www.vuokraaja.com\/nfg\/wp-json\/wp\/v2\/pages"}],"about":[{"href":"https:\/\/www.vuokraaja.com\/nfg\/wp-json\/wp\/v2\/types\/page"}],"author":[{"embeddable":true,"href":"https:\/\/www.vuokraaja.com\/nfg\/wp-json\/wp\/v2\/users\/1"}],"replies":[{"embeddable":true,"href":"https:\/\/www.vuokraaja.com\/nfg\/wp-json\/wp\/v2\/comments?post=56"}],"version-history":[{"count":10,"href":"https:\/\/www.vuokraaja.com\/nfg\/wp-json\/wp\/v2\/pages\/56\/revisions"}],"predecessor-version":[{"id":464,"href":"https:\/\/www.vuokraaja.com\/nfg\/wp-json\/wp\/v2\/pages\/56\/revisions\/464"}],"wp:attachment":[{"href":"https:\/\/www.vuokraaja.com\/nfg\/wp-json\/wp\/v2\/media?parent=56"}],"curies":[{"name":"wp","href":"https:\/\/api.w.org\/{rel}","templated":true}]}}