{"id":77,"date":"2014-05-29T10:52:34","date_gmt":"2014-05-29T07:52:34","guid":{"rendered":"http:\/\/www.vuokraaja.com\/nfg\/?page_id=77"},"modified":"2025-08-02T14:36:00","modified_gmt":"2025-08-02T11:36:00","slug":"rataesittely","status":"publish","type":"page","link":"https:\/\/www.vuokraaja.com\/nfg\/rataesittely\/","title":{"rendered":"Rataesittelyt"},"content":{"rendered":"\n<p><a href=\"http:\/\/www.vuokraaja.com\/nfg\/wp-content\/uploads\/2022\/06\/Nivalan_Frisbeerata_Ratakartta_Pro.jpg\"><img class=\"alignnone size-full wp-image-778\" src=\"http:\/\/www.vuokraaja.com\/nfg\/wp-content\/uploads\/2022\/06\/Nivalan_Frisbeerata_Ratakartta_Pro.jpg\" alt=\"\" style=\"width: 512px;\"><\/a><br>Rata l\u00f6ytyy my\u00f6s FGR-palvelusta:<br><a href=\"https:\/\/frisbeegolfradat.fi\/rata\/nivalan_frisbeegolfrata\/\">https:\/\/frisbeegolfradat.fi\/rata\/nivalan_frisbeegolfrata\/<br><\/a>V\u00e4yl\u00e4opasteet l\u00f6ytyv\u00e4t <a href=\"http:\/\/www.vuokraaja.com\/nfg\/?page_id=228\">t\u00e4\u00e4lt\u00e4<\/a><\/p>\n\n\n\n<p><a href=\"http:\/\/www.vuokraaja.com\/nfg\/wp-content\/uploads\/2022\/06\/Nivalan_Frisbeegolfrata_AM.jpg\"><img class=\"alignnone size-full wp-image-778\" src=\"http:\/\/www.vuokraaja.com\/nfg\/wp-content\/uploads\/2022\/06\/Nivalan_Frisbeegolfrata_AM.jpg\" alt=\"\" style=\"width: 512px;\"><\/a><br>Rata l\u00f6ytyy my\u00f6s FGR-palvelusta:<br><a href=\"https:\/\/frisbeegolfradat.fi\/rata\/nivalan_frisbeegolfrata_am\/\">https:\/\/frisbeegolfradat.fi\/rata\/nivalan_frisbeegolfrata_am\/<br><\/a>V\u00e4yl\u00e4opasteet l\u00f6ytyv\u00e4t <a href=\"https:\/\/www.vuokraaja.com\/nfg\/vaylat-am-rata\/\">t\u00e4\u00e4lt\u00e4<\/a><\/p>\n\n\n\n<p><a href=\"http:\/\/www.vuokraaja.com\/nfg\/wp-content\/uploads\/2021\/05\/Pyssymaki_Frisbeerata_Ratakartta_2021.png\"><img class=\"alignnone size-full wp-image-778\" src=\"http:\/\/www.vuokraaja.com\/nfg\/wp-content\/uploads\/2021\/05\/Pyssymaki_Frisbeerata_Ratakartta_2021.png\" alt=\"\" style=\"width: 512px;\"><\/a><br>Rata l\u00f6ytyy my\u00f6s FGR-palvelusta:<br><a href=\"https:\/\/frisbeegolfradat.fi\/rata\/pyssymaen-frisbeegolfrata\/\">https:\/\/frisbeegolfradat.fi\/rata\/pyssymaen-frisbeegolfrata\/<br><\/a>V\u00e4yl\u00e4opasteet l\u00f6ytyv\u00e4t <a href=\"https:\/\/www.vuokraaja.com\/nfg\/vaylat-pyssymaki\/\">t\u00e4\u00e4lt\u00e4<\/a><\/p>\n\n\n<p><!-- \/wp:paragraph --><\/p>\n<p><strong>Nivalan koululaisradat:<\/strong><br \/>Junttilan koulu (Uusittu 2022)<br \/><a href=\"http:\/\/www.vuokraaja.com\/nfg\/wp-content\/uploads\/2022\/07\/Junttilan_koulun_ratakartta_2022.jpg\"><img loading=\"lazy\" class=\"alignnone size-full wp-image-1018\" src=\"http:\/\/www.vuokraaja.com\/nfg\/wp-content\/uploads\/2022\/07\/Junttilan_koulun_ratakartta_2022.jpg\" alt=\"\" width=\"1500\" height=\"1002\" srcset=\"https:\/\/www.vuokraaja.com\/nfg\/wp-content\/uploads\/2022\/07\/Junttilan_koulun_ratakartta_2022.jpg 1500w, https:\/\/www.vuokraaja.com\/nfg\/wp-content\/uploads\/2022\/07\/Junttilan_koulun_ratakartta_2022-300x200.jpg 300w, https:\/\/www.vuokraaja.com\/nfg\/wp-content\/uploads\/2022\/07\/Junttilan_koulun_ratakartta_2022-1024x684.jpg 1024w, https:\/\/www.vuokraaja.com\/nfg\/wp-content\/uploads\/2022\/07\/Junttilan_koulun_ratakartta_2022-768x513.jpg 768w\" sizes=\"(max-width: 1500px) 100vw, 1500px\" \/><\/a><\/p>\n<p>Ky\u00f6sti Kallion koulu (osana AM-rataa)<br \/><a href=\"http:\/\/www.vuokraaja.com\/nfg\/wp-content\/uploads\/2022\/08\/Kyosti_-Kallion_koulun_ratakartta_netti.jpg\"><img loading=\"lazy\" class=\"alignnone size-full wp-image-1038\" src=\"http:\/\/www.vuokraaja.com\/nfg\/wp-content\/uploads\/2022\/08\/Kyosti_-Kallion_koulun_ratakartta_netti.jpg\" alt=\"\" width=\"1000\" height=\"668\" srcset=\"https:\/\/www.vuokraaja.com\/nfg\/wp-content\/uploads\/2022\/08\/Kyosti_-Kallion_koulun_ratakartta_netti.jpg 1000w, https:\/\/www.vuokraaja.com\/nfg\/wp-content\/uploads\/2022\/08\/Kyosti_-Kallion_koulun_ratakartta_netti-300x200.jpg 300w, https:\/\/www.vuokraaja.com\/nfg\/wp-content\/uploads\/2022\/08\/Kyosti_-Kallion_koulun_ratakartta_netti-768x513.jpg 768w\" sizes=\"(max-width: 1000px) 100vw, 1000px\" \/><\/a><\/p>\n<p>Haapalan koulu (2022)<br \/><a href=\"http:\/\/www.vuokraaja.com\/nfg\/wp-content\/uploads\/2022\/08\/Haapalan_koulun_ratakartta_netti.jpg\"><img loading=\"lazy\" class=\"alignnone size-full wp-image-1035\" src=\"http:\/\/www.vuokraaja.com\/nfg\/wp-content\/uploads\/2022\/08\/Haapalan_koulun_ratakartta_netti.jpg\" alt=\"\" width=\"1000\" height=\"668\" srcset=\"https:\/\/www.vuokraaja.com\/nfg\/wp-content\/uploads\/2022\/08\/Haapalan_koulun_ratakartta_netti.jpg 1000w, https:\/\/www.vuokraaja.com\/nfg\/wp-content\/uploads\/2022\/08\/Haapalan_koulun_ratakartta_netti-300x200.jpg 300w, https:\/\/www.vuokraaja.com\/nfg\/wp-content\/uploads\/2022\/08\/Haapalan_koulun_ratakartta_netti-768x513.jpg 768w\" sizes=\"(max-width: 1000px) 100vw, 1000px\" \/><\/a><\/p>\n<p>Ahteen koulu (2022)<br \/><a href=\"http:\/\/www.vuokraaja.com\/nfg\/wp-content\/uploads\/2022\/08\/Ahteen_koulun_ratakartta_netti.jpg\"><img loading=\"lazy\" class=\"alignnone size-full wp-image-1034\" src=\"http:\/\/www.vuokraaja.com\/nfg\/wp-content\/uploads\/2022\/08\/Ahteen_koulun_ratakartta_netti.jpg\" alt=\"\" width=\"1000\" height=\"668\" srcset=\"https:\/\/www.vuokraaja.com\/nfg\/wp-content\/uploads\/2022\/08\/Ahteen_koulun_ratakartta_netti.jpg 1000w, https:\/\/www.vuokraaja.com\/nfg\/wp-content\/uploads\/2022\/08\/Ahteen_koulun_ratakartta_netti-300x200.jpg 300w, https:\/\/www.vuokraaja.com\/nfg\/wp-content\/uploads\/2022\/08\/Ahteen_koulun_ratakartta_netti-768x513.jpg 768w\" sizes=\"(max-width: 1000px) 100vw, 1000px\" \/><\/a><\/p>\n<p>J\u00e4rvikyl\u00e4n koulu (Uusittu 2025)<br \/><a href=\"http:\/\/www.vuokraaja.com\/nfg\/wp-content\/uploads\/2025\/08\/Jarvikylan_koulun_ratakartta_netti_2025.jpg\"><img loading=\"lazy\" class=\"alignnone size-full wp-image-1036\" src=\"http:\/\/www.vuokraaja.com\/nfg\/wp-content\/uploads\/2025\/08\/Jarvikylan_koulun_ratakartta_netti_2025.jpg\" alt=\"\" width=\"1000\" height=\"668\" \/><\/a><\/p>\n<p>Karvoskyl\u00e4n koulu (2022)<br \/><a href=\"http:\/\/www.vuokraaja.com\/nfg\/wp-content\/uploads\/2022\/08\/Karvoskylan_koulun_ratakartta_netti.jpg\"><img loading=\"lazy\" class=\"alignnone size-full wp-image-1037\" src=\"http:\/\/www.vuokraaja.com\/nfg\/wp-content\/uploads\/2022\/08\/Karvoskylan_koulun_ratakartta_netti.jpg\" alt=\"\" width=\"1000\" height=\"668\" srcset=\"https:\/\/www.vuokraaja.com\/nfg\/wp-content\/uploads\/2022\/08\/Karvoskylan_koulun_ratakartta_netti.jpg 1000w, https:\/\/www.vuokraaja.com\/nfg\/wp-content\/uploads\/2022\/08\/Karvoskylan_koulun_ratakartta_netti-300x200.jpg 300w, https:\/\/www.vuokraaja.com\/nfg\/wp-content\/uploads\/2022\/08\/Karvoskylan_koulun_ratakartta_netti-768x513.jpg 768w\" sizes=\"(max-width: 1000px) 100vw, 1000px\" \/><\/a><\/p>\n<p>V\u00e4likyl\u00e4n koulu (2022)<br \/><a href=\"http:\/\/www.vuokraaja.com\/nfg\/wp-content\/uploads\/2022\/08\/Valikyla_koulun_ratakartta_netti.jpg\"><img loading=\"lazy\" class=\"alignnone size-full wp-image-1039\" src=\"http:\/\/www.vuokraaja.com\/nfg\/wp-content\/uploads\/2022\/08\/Valikyla_koulun_ratakartta_netti.jpg\" alt=\"\" width=\"1000\" height=\"668\" srcset=\"https:\/\/www.vuokraaja.com\/nfg\/wp-content\/uploads\/2022\/08\/Valikyla_koulun_ratakartta_netti.jpg 1000w, https:\/\/www.vuokraaja.com\/nfg\/wp-content\/uploads\/2022\/08\/Valikyla_koulun_ratakartta_netti-300x200.jpg 300w, https:\/\/www.vuokraaja.com\/nfg\/wp-content\/uploads\/2022\/08\/Valikyla_koulun_ratakartta_netti-768x513.jpg 768w\" sizes=\"(max-width: 1000px) 100vw, 1000px\" \/><\/a><\/p>\n<p>Haikaran koulu (Uusittu 2025)<a href=\"http:\/\/www.vuokraaja.com\/nfg\/wp-content\/uploads\/2025\/08\/Haikaran_koulun_ratakartta_netti_2025.jpg\"><img loading=\"lazy\" class=\"alignnone size-full wp-image-1043\" src=\"http:\/\/www.vuokraaja.com\/nfg\/wp-content\/uploads\/2025\/08\/Haikaran_koulun_ratakartta_netti_2025.jpg\" alt=\"\" width=\"1000\" height=\"668\" \/><\/a><\/p>\n<p>Erkkil\u00e4n koulu (Uusittu 2025)<br \/><a href=\"http:\/\/www.vuokraaja.com\/nfg\/wp-content\/uploads\/2025\/08\/Erkkilan_koulun_ratakartta_netti_2025.jpg\"><img loading=\"lazy\" class=\"alignnone size-full wp-image-1044\" src=\"http:\/\/www.vuokraaja.com\/nfg\/wp-content\/uploads\/2025\/08\/Erkkilan_koulun_ratakartta_netti_2025.jpg\" alt=\"\" width=\"1000\" height=\"668\" \/><\/a><\/p>\n<p>Malilan koulu (2022)<br \/><a href=\"http:\/\/www.vuokraaja.com\/nfg\/wp-content\/uploads\/2022\/08\/Malilan_koulun_ratakartta_netti.jpg\"><img loading=\"lazy\" class=\"alignnone size-full wp-image-1045\" src=\"http:\/\/www.vuokraaja.com\/nfg\/wp-content\/uploads\/2022\/08\/Malilan_koulun_ratakartta_netti.jpg\" alt=\"\" width=\"1000\" height=\"668\" srcset=\"https:\/\/www.vuokraaja.com\/nfg\/wp-content\/uploads\/2022\/08\/Malilan_koulun_ratakartta_netti.jpg 1000w, https:\/\/www.vuokraaja.com\/nfg\/wp-content\/uploads\/2022\/08\/Malilan_koulun_ratakartta_netti-300x200.jpg 300w, https:\/\/www.vuokraaja.com\/nfg\/wp-content\/uploads\/2022\/08\/Malilan_koulun_ratakartta_netti-768x513.jpg 768w\" sizes=\"(max-width: 1000px) 100vw, 1000px\" \/><\/a><\/p>\n<p><!-- \/wp:paragraph --><\/p>\n<p><!-- wp:paragraph --><\/p>\n<p><!-- \/wp:paragraph --><\/p>","protected":false},"excerpt":{"rendered":"<p>Rata l\u00f6ytyy my\u00f6s FGR-palvelusta:https:\/\/frisbeegolfradat.fi\/rata\/nivalan_frisbeegolfrata\/V\u00e4yl\u00e4opasteet l\u00f6ytyv\u00e4t t\u00e4\u00e4lt\u00e4 Rata l\u00f6ytyy my\u00f6s FGR-palvelusta:https:\/\/frisbeegolfradat.fi\/rata\/nivalan_frisbeegolfrata_am\/V\u00e4yl\u00e4opasteet l\u00f6ytyv\u00e4t t\u00e4\u00e4lt\u00e4 Rata l\u00f6ytyy my\u00f6s FGR-palvelusta:https:\/\/frisbeegolfradat.fi\/rata\/pyssymaen-frisbeegolfrata\/V\u00e4yl\u00e4opasteet l\u00f6ytyv\u00e4t t\u00e4\u00e4lt\u00e4 Nivalan koululaisradat:Junttilan koulu (Uusittu 2022) Ky\u00f6sti Kallion koulu (osana AM-rataa) Haapalan koulu (2022) Ahteen koulu (2022) J\u00e4rvikyl\u00e4n koulu (Uusittu 2025) Karvoskyl\u00e4n koulu (2022) V\u00e4likyl\u00e4n koulu (2022) Haikaran koulu (Uusittu 2025) Erkkil\u00e4n koulu (Uusittu 2025) Malilan koulu (2022)<\/p>\n","protected":false},"author":1,"featured_media":0,"parent":0,"menu_order":0,"comment_status":"closed","ping_status":"closed","template":"","meta":[],"_links":{"self":[{"href":"https:\/\/www.vuokraaja.com\/nfg\/wp-json\/wp\/v2\/pages\/77"}],"collection":[{"href":"https:\/\/www.vuokraaja.com\/nfg\/wp-json\/wp\/v2\/pages"}],"about":[{"href":"https:\/\/www.vuokraaja.com\/nfg\/wp-json\/wp\/v2\/types\/page"}],"author":[{"embeddable":true,"href":"https:\/\/www.vuokraaja.com\/nfg\/wp-json\/wp\/v2\/users\/1"}],"replies":[{"embeddable":true,"href":"https:\/\/www.vuokraaja.com\/nfg\/wp-json\/wp\/v2\/comments?post=77"}],"version-history":[{"count":48,"href":"https:\/\/www.vuokraaja.com\/nfg\/wp-json\/wp\/v2\/pages\/77\/revisions"}],"predecessor-version":[{"id":1159,"href":"https:\/\/www.vuokraaja.com\/nfg\/wp-json\/wp\/v2\/pages\/77\/revisions\/1159"}],"wp:attachment":[{"href":"https:\/\/www.vuokraaja.com\/nfg\/wp-json\/wp\/v2\/media?parent=77"}],"curies":[{"name":"wp","href":"https:\/\/api.w.org\/{rel}","templated":true}]}}