{"id":863,"date":"2021-08-27T11:48:22","date_gmt":"2021-08-27T08:48:22","guid":{"rendered":"http:\/\/www.vuokraaja.com\/nfg\/?page_id=863"},"modified":"2024-10-14T12:18:15","modified_gmt":"2024-10-14T09:18:15","slug":"kavijalaskuri","status":"publish","type":"page","link":"https:\/\/www.vuokraaja.com\/nfg\/kavijalaskuri\/","title":{"rendered":"K\u00e4vij\u00e4laskuri"},"content":{"rendered":"\t\t<div class='wp-block-b-chart-chart  align' id='bChart-c9552c4a-5' data-attributes='{&quot;cId&quot;:&quot;c9552c4a-5&quot;,&quot;data&quot;:{&quot;labels&quot;:[&quot;Elokuu 1 viikko&quot;,&quot;Syyskuu&quot;],&quot;datasets&quot;:[{&quot;label&quot;:&quot;&quot;,&quot;data&quot;:[&quot;300&quot;,&quot;864&quot;],&quot;backgroundColor&quot;:[&quot;#ff638433&quot;,&quot;#36a28733&quot;],&quot;borderColor&quot;:[&quot;#ff6384&quot;,&quot;rgba(60, 64, 7, 1)&quot;],&quot;tension&quot;:0.4,&quot;borderWidth&quot;:&quot;5&quot;,&quot;hoverBorderWidth&quot;:&quot;5&quot;,&quot;pointRadius&quot;:&quot;5&quot;,&quot;pointHoverRadius&quot;:&quot;5&quot;,&quot;pointStyle&quot;:&quot;line&quot;}]},&quot;type&quot;:&quot;bar&quot;,&quot;width&quot;:&quot;40%&quot;,&quot;background&quot;:{&quot;color&quot;:&quot;#0000&quot;,&quot;type&quot;:&quot;solid&quot;,&quot;gradient&quot;:&quot;linear-gradient(135deg, #4527a4, #8344c5)&quot;,&quot;image&quot;:[],&quot;position&quot;:&quot;center center&quot;,&quot;attachment&quot;:&quot;initial&quot;,&quot;repeat&quot;:&quot;no-repeat&quot;,&quot;size&quot;:&quot;cover&quot;,&quot;overlayColor&quot;:&quot;#000000b3&quot;,&quot;styles&quot;:&quot;background: #0000;&quot;},&quot;textColor&quot;:&quot;#000&quot;,&quot;title&quot;:&quot;K\\u00e4vij\\u00e4t 2021&quot;,&quot;titleColor&quot;:&quot;#000&quot;,&quot;align&quot;:&quot;&quot;,&quot;height&quot;:&quot;450px&quot;,&quot;isXScale&quot;:true,&quot;isXGridLine&quot;:true,&quot;isYScale&quot;:true,&quot;isYGridLine&quot;:true,&quot;gridLineColor&quot;:&quot;#0000001a&quot;,&quot;alignment&quot;:&quot;center&quot;,&quot;isTitle&quot;:true,&quot;titleFontSize&quot;:22,&quot;isSubtitle&quot;:false,&quot;subtitle&quot;:&quot;Chart Subtitle&quot;,&quot;subtitleFontSize&quot;:13,&quot;subtitleColor&quot;:&quot;#8344c5&quot;,&quot;isDownload&quot;:false}'><\/div>\n\n\t\t\n\n\t\t<div class='wp-block-b-chart-chart  align' id='bChart-4fc3939a-6' data-attributes='{&quot;cId&quot;:&quot;4fc3939a-6&quot;,&quot;data&quot;:{&quot;labels&quot;:[&quot;Huhtikuu&quot;,&quot;Toukokuu&quot;,&quot;Kes\\u00e4kuu&quot;,&quot;Hein\\u00e4kuu&quot;,&quot;Elokuu&quot;,&quot;Syyskuu&quot;,&quot;Lokakuu&quot;],&quot;datasets&quot;:[{&quot;label&quot;:&quot;&quot;,&quot;data&quot;:[&quot;320&quot;,&quot;1150&quot;,&quot;930&quot;,&quot;1050&quot;,&quot;810&quot;,&quot;670&quot;,&quot;170&quot;],&quot;backgroundColor&quot;:[&quot;#ff638433&quot;,&quot;#36a28733&quot;,&quot;#ffce5633&quot;,&quot;#4bc0c033&quot;,&quot;#9966ff33&quot;,&quot;#ff9f4033&quot;,&quot;#4527a433&quot;],&quot;borderColor&quot;:[&quot;#ff6384&quot;,&quot;#36a287&quot;,&quot;#ffce56&quot;,&quot;#4bc0c0&quot;,&quot;#9966ff&quot;,&quot;#ff9f40&quot;,&quot;#4527a4&quot;],&quot;tension&quot;:0.4,&quot;borderWidth&quot;:&quot;5&quot;,&quot;hoverBorderWidth&quot;:&quot;5&quot;,&quot;pointRadius&quot;:&quot;5&quot;,&quot;pointHoverRadius&quot;:&quot;5&quot;,&quot;pointStyle&quot;:&quot;line&quot;}]},&quot;type&quot;:&quot;bar&quot;,&quot;width&quot;:&quot;100%&quot;,&quot;background&quot;:{&quot;color&quot;:&quot;#0000&quot;,&quot;type&quot;:&quot;solid&quot;,&quot;gradient&quot;:&quot;linear-gradient(135deg, #4527a4, #8344c5)&quot;,&quot;image&quot;:[],&quot;position&quot;:&quot;center center&quot;,&quot;attachment&quot;:&quot;initial&quot;,&quot;repeat&quot;:&quot;no-repeat&quot;,&quot;size&quot;:&quot;cover&quot;,&quot;overlayColor&quot;:&quot;#000000b3&quot;,&quot;styles&quot;:&quot;background: #0000;&quot;},&quot;textColor&quot;:&quot;#000&quot;,&quot;title&quot;:&quot;K\\u00e4vij\\u00e4t 2022&quot;,&quot;titleColor&quot;:&quot;rgba(0, 0, 0, 1)&quot;,&quot;align&quot;:&quot;&quot;,&quot;height&quot;:&quot;450px&quot;,&quot;isXScale&quot;:true,&quot;isXGridLine&quot;:true,&quot;isYScale&quot;:true,&quot;isYGridLine&quot;:true,&quot;gridLineColor&quot;:&quot;#0000001a&quot;,&quot;alignment&quot;:&quot;center&quot;,&quot;isTitle&quot;:true,&quot;titleFontSize&quot;:22,&quot;isSubtitle&quot;:false,&quot;subtitle&quot;:&quot;Chart Subtitle&quot;,&quot;subtitleFontSize&quot;:13,&quot;subtitleColor&quot;:&quot;#8344c5&quot;,&quot;isDownload&quot;:false}'><\/div>\n\n\t\t\n\n\t\t<div class='wp-block-b-chart-chart  align' id='bChart-bc8ab1a7-7' data-attributes='{&quot;cId&quot;:&quot;bc8ab1a7-7&quot;,&quot;data&quot;:{&quot;labels&quot;:[&quot;Huhtikuu&quot;,&quot;Toukokuu&quot;,&quot;Kes\\u00e4kuu&quot;,&quot;Hein\\u00e4kuu&quot;,&quot;Elokuu&quot;,&quot;Syyskuu&quot;,&quot;Lokakuu&quot;],&quot;datasets&quot;:[{&quot;label&quot;:&quot;&quot;,&quot;data&quot;:[&quot;120&quot;,&quot;783&quot;,&quot;602&quot;,&quot;699&quot;,&quot;1084&quot;,&quot;130&quot;,&quot;23&quot;],&quot;backgroundColor&quot;:[&quot;#e32bc733&quot;,&quot;#00678033&quot;,&quot;#46455b33&quot;,&quot;#20be9a33&quot;,&quot;#2451b533&quot;,&quot;#d55ed933&quot;,&quot;#59d1c133&quot;],&quot;borderColor&quot;:[&quot;#e32bc7&quot;,&quot;#006780&quot;,&quot;rgba(163, 196, 86, 1)&quot;,&quot;#20be9a&quot;,&quot;rgba(183, 57, 36, 1)&quot;,&quot;#d55ed9&quot;,&quot;#59d1c1&quot;],&quot;tension&quot;:0.4,&quot;borderWidth&quot;:&quot;5&quot;,&quot;hoverBorderWidth&quot;:&quot;5&quot;,&quot;pointRadius&quot;:&quot;5&quot;,&quot;pointHoverRadius&quot;:&quot;5&quot;,&quot;pointStyle&quot;:&quot;line&quot;}]},&quot;type&quot;:&quot;bar&quot;,&quot;width&quot;:&quot;100%&quot;,&quot;background&quot;:{&quot;color&quot;:&quot;#0000&quot;,&quot;type&quot;:&quot;solid&quot;,&quot;gradient&quot;:&quot;linear-gradient(135deg, #4527a4, #8344c5)&quot;,&quot;image&quot;:[],&quot;position&quot;:&quot;center center&quot;,&quot;attachment&quot;:&quot;initial&quot;,&quot;repeat&quot;:&quot;no-repeat&quot;,&quot;size&quot;:&quot;cover&quot;,&quot;overlayColor&quot;:&quot;#000000b3&quot;,&quot;styles&quot;:&quot;background: #0000;&quot;},&quot;textColor&quot;:&quot;#000&quot;,&quot;title&quot;:&quot;K\\u00e4vij\\u00e4t 2023&quot;,&quot;titleColor&quot;:&quot;#000&quot;,&quot;align&quot;:&quot;&quot;,&quot;height&quot;:&quot;450px&quot;,&quot;isXScale&quot;:true,&quot;isXGridLine&quot;:true,&quot;isYScale&quot;:true,&quot;isYGridLine&quot;:true,&quot;gridLineColor&quot;:&quot;#0000001a&quot;,&quot;alignment&quot;:&quot;center&quot;,&quot;isTitle&quot;:true,&quot;titleFontSize&quot;:22,&quot;isSubtitle&quot;:false,&quot;subtitle&quot;:&quot;Chart Subtitle&quot;,&quot;subtitleFontSize&quot;:13,&quot;subtitleColor&quot;:&quot;#8344c5&quot;,&quot;isDownload&quot;:false}'><\/div>\n\n\t\t\n\n\t\t<div class='wp-block-b-chart-chart  align' id='bChart-10eb7235-b' data-attributes='{&quot;cId&quot;:&quot;10eb7235-b&quot;,&quot;data&quot;:{&quot;labels&quot;:[&quot;Huhtikuu&quot;,&quot;Toukokuu&quot;,&quot;Kes\\u00e4kuu&quot;,&quot;Hein\\u00e4kuu&quot;,&quot;Elokuu&quot;,&quot;Syyskuu&quot;,&quot;Lokakuu&quot;],&quot;datasets&quot;:[{&quot;label&quot;:&quot;&quot;,&quot;data&quot;:[&quot;65&quot;,&quot;640&quot;,&quot;517&quot;,&quot;741&quot;,&quot;528&quot;,&quot;252&quot;,&quot;30&quot;],&quot;backgroundColor&quot;:[&quot;#ff638433&quot;,&quot;#36a28733&quot;,&quot;#ffce5633&quot;,&quot;#4bc0c033&quot;,&quot;#9966ff33&quot;,&quot;#ff9f4033&quot;,&quot;#4527a433&quot;],&quot;borderColor&quot;:[&quot;#ff6384&quot;,&quot;#36a287&quot;,&quot;#ffce56&quot;,&quot;#4bc0c0&quot;,&quot;#9966ff&quot;,&quot;#ff9f40&quot;,&quot;#4527a4&quot;],&quot;tension&quot;:0.4,&quot;borderWidth&quot;:&quot;5&quot;,&quot;hoverBorderWidth&quot;:&quot;5&quot;,&quot;pointRadius&quot;:&quot;5&quot;,&quot;pointHoverRadius&quot;:&quot;5&quot;,&quot;pointStyle&quot;:&quot;line&quot;}]},&quot;type&quot;:&quot;bar&quot;,&quot;width&quot;:&quot;100%&quot;,&quot;background&quot;:{&quot;color&quot;:&quot;#0000&quot;,&quot;type&quot;:&quot;solid&quot;,&quot;gradient&quot;:&quot;linear-gradient(135deg, #4527a4, #8344c5)&quot;,&quot;image&quot;:[],&quot;position&quot;:&quot;center center&quot;,&quot;attachment&quot;:&quot;initial&quot;,&quot;repeat&quot;:&quot;no-repeat&quot;,&quot;size&quot;:&quot;cover&quot;,&quot;overlayColor&quot;:&quot;#000000b3&quot;,&quot;styles&quot;:&quot;background: #0000;&quot;},&quot;title&quot;:&quot;K\\u00e4vij\\u00e4t 2024&quot;,&quot;align&quot;:&quot;&quot;,&quot;height&quot;:&quot;450px&quot;,&quot;textColor&quot;:&quot;#666&quot;,&quot;isXScale&quot;:true,&quot;isXGridLine&quot;:true,&quot;isYScale&quot;:true,&quot;isYGridLine&quot;:true,&quot;gridLineColor&quot;:&quot;#0000001a&quot;,&quot;alignment&quot;:&quot;center&quot;,&quot;isTitle&quot;:true,&quot;titleFontSize&quot;:22,&quot;titleColor&quot;:&quot;#4527a4&quot;,&quot;isSubtitle&quot;:false,&quot;subtitle&quot;:&quot;Chart Subtitle&quot;,&quot;subtitleFontSize&quot;:13,&quot;subtitleColor&quot;:&quot;#8344c5&quot;,&quot;isDownload&quot;:false}'><\/div>\n\n\t\t\n\n\n<p>Laskurin tiedot luetaan kuun lopussa. Lukema tarkoittaa koko Pro radan kierroksen pelannutta henkil\u00f6\u00e4. Frisbeekeskuksen k\u00e4ytt\u00e4ji\u00e4 on viel\u00e4 paljon enemm\u00e4n. Tietoa k\u00e4ytet\u00e4\u00e4n kaupungin liikuntapaikan liikkujam\u00e4\u00e4r\u00e4n kartoitukseen.<\/p>\n","protected":false},"excerpt":{"rendered":"<p>Laskurin tiedot luetaan kuun lopussa. Lukema tarkoittaa koko Pro radan kierroksen pelannutta henkil\u00f6\u00e4. Frisbeekeskuksen k\u00e4ytt\u00e4ji\u00e4 on viel\u00e4 paljon enemm\u00e4n. Tietoa k\u00e4ytet\u00e4\u00e4n kaupungin liikuntapaikan liikkujam\u00e4\u00e4r\u00e4n kartoitukseen.<\/p>\n","protected":false},"author":3,"featured_media":0,"parent":0,"menu_order":0,"comment_status":"closed","ping_status":"closed","template":"","meta":[],"_links":{"self":[{"href":"https:\/\/www.vuokraaja.com\/nfg\/wp-json\/wp\/v2\/pages\/863"}],"collection":[{"href":"https:\/\/www.vuokraaja.com\/nfg\/wp-json\/wp\/v2\/pages"}],"about":[{"href":"https:\/\/www.vuokraaja.com\/nfg\/wp-json\/wp\/v2\/types\/page"}],"author":[{"embeddable":true,"href":"https:\/\/www.vuokraaja.com\/nfg\/wp-json\/wp\/v2\/users\/3"}],"replies":[{"embeddable":true,"href":"https:\/\/www.vuokraaja.com\/nfg\/wp-json\/wp\/v2\/comments?post=863"}],"version-history":[{"count":21,"href":"https:\/\/www.vuokraaja.com\/nfg\/wp-json\/wp\/v2\/pages\/863\/revisions"}],"predecessor-version":[{"id":1148,"href":"https:\/\/www.vuokraaja.com\/nfg\/wp-json\/wp\/v2\/pages\/863\/revisions\/1148"}],"wp:attachment":[{"href":"https:\/\/www.vuokraaja.com\/nfg\/wp-json\/wp\/v2\/media?parent=863"}],"curies":[{"name":"wp","href":"https:\/\/api.w.org\/{rel}","templated":true}]}}